when z(4) is divided by l.
12
Let p(x) = -x**3 + 13*x**2 + 4*x + 16. Let f be p(12). Suppose f = 8*a - 56. What is the remainder when 164 is divided by a?
32
Let g be 96/(((-4)/(-6))/(12/(-18))). Let d = g + 166. Let n = 14 + 4. Calculate the remainder when d is divided by n.
16
Suppose 0*x - r + 13 = 4*x, -x - 1 = -4*r. Suppose x*b - 8 = b. Calculate the remainder when 17 is divided by b.
1
Let i be (1 - 7)*2/(-4). Suppose i*v = -1 - 2. Let g(m) = -6*m**3. Calculate the remainder when g(v) is divided by 4.
2
Let u(a) be the third derivative of 5*a**4/24 - 29*a**3/6 + 2*a**2. What is the remainder when u(23) is divided by 2/(-2) + 22 + 1?
20
Let p = 48 - 49. What is the remainder when ((-14)/8)/(p/4) is divided by 1 - (0 + 0 - 3)?
3
Let f be (-2)/12 - (-43)/6. Suppose -s = d + 4*s + f, d - 21 = 2*s. Calculate the remainder when 38 is divided by d.
12
Suppose 336 - 536 = -4*v. Calculate the remainder when 649 is divided by v.
49
Suppose 3*p - 678 = 1293. Calculate the remainder when p is divided by 110.
107
Suppose 0*s - 6 = -s. Let y be s/(-9) - (-42)/9. What is the remainder when 15 is divided by ((-36)/(-10) - y)*-10?
3
Let o be (-230)/(-26) - (-8)/52. Let j(f) = f**2 + 5 - 3 - o. Calculate the remainder when 33 is divided by j(5).
15
Suppose -97 = -15*l + 578. What is the remainder when 222 is divided by l?
42
Let s(u) = 2*u**2 + 9*u - 4. Let j be s(6). Suppose -2*r + 4*z - j = 0, 2*z = -3*z - 5. What is the remainder when 9 is divided by r/14*4/(-6)?
0
Suppose -2*l = 3*h - 7*l - 104, 0 = 2*h + 5*l - 86. What is the remainder when 67 is divided by h?
29
Let b be (-5)/((-20)/16) + 1. Suppose 61 = b*w - 9. What is the remainder when w is divided by 4?
2
Let g(z) = 2*z**3 - 30*z**2 + 3*z + 34. What is the remainder when 233 is divided by g(15)?
75
Suppose -2*s = 5*s. Suppose 0 = -3*i - s*i + 33. Let c = -42 - -82. Calculate the remainder when c is divided by i.
7
Let i(a) = -a**3 - 6*a**2 + 23*a + 68. Calculate the remainder when i(-10) is divided by 15.
13
What is the remainder when (-123)/((8 + -5)/(-3)) is divided by 14?
11
Let o be (-28)/(-5) - 6 - 394/(-10). Suppose z = -o + 47. What is the remainder when 26 is divided by z?
2
Let u = 2 - -2. Suppose u*i - 249 = 27. Calculate the remainder when i is divided by 14.
13
Let a be (-2 - 80/(-3))/((-2)/3). Let v = -28 - a. Calculate the remainder when v is divided by 3.
0
Suppose -3*o + 81 = 5*g, 0 = g - 3*o - 0 - 9. Suppose 6*d - 3*d + 93 = x, 0 = d. Suppose 0 = 3*l - 24 - x. Calculate the remainder when l is divided by g.
9
Suppose 24*m + 28 = x + 25*m, -5*x = -2*m - 147. What is the remainder when 71 is divided by x?
13
Calculate the remainder when 221 is divided by (6 + -4)*-3*16/(-6).
13
What is the remainder when 3076*(-10)/(-120) + (-2)/6 is divided by 65?
61
Suppose -2*a + 2*i - 10 = 0, a - i + 6 = -a. Let t(r) = 20*r**2 + r + 1. What is the remainder when t(2) is divided by ((-7)/(14/(-6)))/(a/(-7))?
20
Let h = 2 + -12. Let x(i) = -i**2 - 11*i - 10. Let t be x(h). Suppose -4*w + 0*w + 52 = t. What is the remainder when w is divided by 8?
5
Suppose -637*z + 216 = -629*z. Calculate the remainder when 159 is divided by z.
24
Let b = 22 + 2. Calculate the remainder when b/8 - (-1 - 93) is divided by 33.
31
Suppose 14*w = 17*w - 72. Let m = -13 + w. Calculate the remainder when m is divided by 3.
2
Let x be 12 - 1 - (2 - 0). What is the remainder when 89/3 + (-6)/x is divided by 6?
5
Suppose -226 = -2*u - z + 98, 4*u = z + 636. Calculate the remainder when 318 is divided by u.
158
Suppose 7*f = 689 + 844. What is the remainder when f is divided by 20?
19
Let c(a) = a**3 - 5*a**2 - 2*a + 9. Let h be c(7). Suppose -g + 4*g = h. Let l(q) = -14*q + 4. What is the remainder when l(-4) is divided by g?
29
Suppose 3*b + 4*i = 258, -b + 59 = 4*i - 19. Calculate the remainder when b is divided by 48.
42
Let p(s) = s**2 + 5*s + 3. Let m be p(-4). Let v = 872 - 871. What is the remainder when 95 is divided by m + v + 128/8?
15
Suppose 69 = 16*b - 379. What is the remainder when 193 is divided by b?
25
Let t(m) = -7*m - 62. Let r be t(-15). Let a = r + -31. What is the remainder when 47 is divided by a?
11
Let l(u) = 2*u - 6. Let s be l(-6). Let v = 60 + s. Suppose -k + 75 = 4*k. What is the remainder when v is divided by k?
12
Let c(x) = -x + 223. What is the remainder when c(-33) is divided by 91?
74
Let d be 5/3 - (-2)/(-3). Suppose 8*k = 4*o + 11*k - 39, o - 4*k + 14 = 0. Calculate the remainder when o is divided by (4 + -3)*(4 - d).
0
Let j(d) = -d**2 - d + 146. What is the remainder when j(0) is divided by (-185)/(-5) + 1 + -1?
35
Let z(h) = 11*h - 101. What is the remainder when 43 is divided by z(10)?
7
Suppose 87 = 8*x - 7*x. Let c = 146 - x. What is the remainder when c is divided by 12?
11
What is the remainder when (24 - 28)/(4/(-394)) is divided by 66?
64
Let a be 2/4*12*(-10)/(-15). Calculate the remainder when a + 15/(-10) + (-73)/(-2) is divided by 14.
11
Suppose 3*r - b - 44 = 0, -8*b + 36 = r - 3*b. What is the remainder when 40 is divided by r?
8
Let g = 2424 + -2096. What is the remainder when g is divided by 67?
60
Suppose f - 10 = 3. Let m(b) = -b**2 - 8. Let k be m(0). Let l = 41 - k. What is the remainder when l is divided by f?
10
Let f(x) be the first derivative of -11 - 7/2*x**2 - 7*x. Calculate the remainder when 102 is divided by f(-6).
32
Let o be 365/20 - 3/12. Suppose 2*k - 138 = -2*t + t, t = 0. Calculate the remainder when k is divided by (6/(-9) - -2)*o.
21
Suppose 3*y = 4 + 8. Suppose 0 = 149*u - 128*u - 126. What is the remainder when u is divided by -2*2/(y/(-3))?
0
Suppose 39 - 11 = q - 5*b, -2*q - 3*b + 121 = 0. What is the remainder when 468 is divided by q?
44
Suppose -2*r + 6*r = -h + 62, -h + 5*r + 17 = 0. Suppose 0 = 4*q + 22 - h. What is the remainder when 6 is divided by q?
1
Let q(u) = -u + 7. Let t be q(2). Suppose -4*x + 45 = 13. Calculate the remainder when 18 is divided by (-8)/t*(-20)/x.
2
Calculate the remainder when (152/(-10))/((-2)/25) is divided by 48.
46
Suppose w = -3*v + 31, 5*w + 4*v = -59 + 258. Suppose 5*j - 378 = 2*j. What is the remainder when j is divided by w?
40
Let w = -13 - -24. Let x = w + -11. Suppose -5*u = -4*m + 79, x*u = -3*m - 2*u + 65. Calculate the remainder when 60 is divided by m.
18
Let o(r) be the third derivative of r**6/120 + r**5/2 - 65*r**4/24 - 4*r**3 - 29*r**2. What is the remainder when (-1)/3 + 118/3 is divided by o(-32)?
7
Let x(t) = -2*t**3 - 47*t**2 - 22*t + 36. Calculate the remainder when 129 is divided by x(-23).
12
Let h(c) = c**3 - 9*c**2 + 2*c + 3. Let d be h(6). Let w = -4 - d. Suppose -7*f - 8 = -y - 2*f, -5*f = -15. What is the remainder when w is divided by y?
20
Let s = 14 - 14. Suppose s*k + 11*k = 231. Calculate the remainder when k is divided by 4.
1
Let y = -1427 - -1585. What is the remainder when 787 is divided by y?
155
Let x(h) = 0*h + 7*h + 2*h - 7 - 5*h. Calculate the remainder when x(16) is divided by 29.
28
Suppose -123*o = -80*o - 11395. Calculate the remainder when o is divided by 32.
9
Let i(t) = 7*t**2 + 2*t - 12. Let n(f) = -f**2 - f + 1. Let l(m) = i(m) + 6*n(m). Calculate the remainder when 41 is divided by l(7).
11
What is the remainder when 124 is divided by -2 + -4 + (7 - -27)?
12
Let n be (-2)/(-6) - (-16)/(-3). Let w(p) = 0*p - 2*p - 3 - 5*p - 6*p**2 + 148*p**3 - 149*p**3. What is the remainder when 19 is divided by w(n)?
5
Let o(j) = 17*j - 236. What is the remainder when 369 is divided by o(17)?
51
Suppose 25 = 5*i + 5*h, 3*i - 7*i + 3*h = -13. Suppose -u - 10 = i*y, 5*y + 3*u + 11 = 2. What is the remainder when (14 + y)/1 + -4 is divided by 5?
2
Suppose -225 = 16*u - 769. Calculate the remainder when 237 is divided by u.
33
Suppose -5*z + 274 = 4*k + 114, 3*z = 4*k + 64. Calculate the remainder when 221 is divided by z.
25
Let h be (-84)/(-12) + 0*1/2. What is the remainder when 11 is divided by (-16)/h + 2 - 116/(-14)?
3
Let s(h) = 2*h + 13. Let j = 37 - 40. What is the remainder when 24 is divided by s(j)?
3
Let u(i) = i + 38. Let d be (-108)/(-63)*(-8 + 1). What is the remainder when 50 is divided by u(d)?
24
Suppose -1259 = -63*u + 127. Calculate the remainder when 152 is divided by u.
20
Suppose 4*i - r + 4 = 0, -2*i - 4*r - 5 = -3. Calculate the remainder when